 the first derivative of o**3/3 - 7*o**2 - 69*o - 12112. Give l(17).
-18
Let p(l) = 351 + 102 - 3*l**2 - 404 - 5*l. What is p(-5)?
-1
Let g(b) be the second derivative of b**3/6 - 3*b**2/2 + 33*b - 1. Suppose 2*u - 22 = -2*s, 5*s - 7 = -3*u + 36. Let c be 3/u*-2 + -2. What is g(c)?
-6
Let j(o) be the second derivative of -o**4/4 - o**3/2 - o**2/2 + o. Suppose 281 = 8*d + 297. Give j(d).
-7
Let l(i) = -22*i + 12. Let d(f) = -11*f + 3. Let v(b) = -10*d(b) + 6*l(b). Calculate v(2).
-2
Suppose -663*c + 614*c = 196. Let u(o) = 7*o + 7. Let h(r) = 3*r + 3. Let s(q) = 5*h(q) - 2*u(q). What is s(c)?
-3
Let v(j) = j**2 + 18*j + 78. Let a be v(-12). Let n(b) = -4*b**2 - 7*b + 9. Let q(d) = -5*d**2 - 7*d + 10. Let z(f) = 6*n(f) - 5*q(f). Determine z(a).
-2
Let h be 5*35/28 - 6/(-8). Suppose 3*l - h*l + 16 = 0. Let b(r) = l - 2*r**2 + 0*r**2 + 7*r**2 - 2. Give b(-2).
22
Let h(o) be the third derivative of o**4/12 + 264*o**2. Suppose 0 = 5*d + 7 - 2. What is h(d)?
-2
Suppose 4*f + 7*z + 72 = 2*z, 0 = -4*f + 3*z - 40. Let w(c) = 1903 - 318*c + 319*c - 1896. Calculate w(f).
-6
Let u(h) = -h**2 - 5*h + 6. Suppose -558*i + 64 = -542*i. Suppose 0 = 2*z - i, -5*v - 36 = -0*z - 3*z. Determine u(v).
0
Let o(a) = a**2 + 4*a + 2. Let t(c) = c**2 + c - 137. Let b be t(11). What is o(b)?
7
Suppose 0 = -7*z + 8*z + 1. Let q(g) = 19248724*g - 19248724*g + 2 - g**2. Give q(z).
1
Let c(l) be the first derivative of l**4/4 + 4*l**3/3 - 6*l + 24. Let y be c(-4). Let j(k) = -k**3 - 5*k**2 + 4*k + 4. What is j(y)?
16
Let c(g) = -596*g**2 - 2*g**3 + g**3 + 595*g**2 - 1. Give c(-2).
3
Let a(t) = -t**3 - 10*t**2 - 5*t - 15. Let y = -17 + 20. Let w be 60/y*(-2)/4. Calculate a(w).
35
Let x(k) be the third derivative of -5*k - 5/6*k**3 - 2*k**2 - 1/24*k**4 - 1/12*k**5 + 0 + 1/120*k**6. What is x(5)?
-10
Let a(x) be the second derivative of x**4/12 - 2*x**3 - 110*x**2 - 4153*x. Give a(-10).
0
Let p(x) = 2*x**2 - x**2 - 7*x - 2*x**2 - 3. Let f(g) = 42 - 10*g - 3*g + 2*g**3 - 6*g**3 + 3*g**3 - 9*g**2 + 3*g. Let o be f(-6). Calculate p(o).
3
Suppose 2*n = 4*n + 2*d - 2, 2*d = 2. Let a(l) = 70*l + 126. Let w(s) = 31*s + 55. Let x(f) = -4*a(f) + 9*w(f). Calculate x(n).
-9
Suppose 4*b - 2*g + 3*g = 192, 0 = 4*b + 2*g - 188. Let j(c) = c + 31*c**2 + 17*c**2 - b*c**2 + 3. Determine j(-6).
-39
Let x(f) = 33*f**3 + 2 - 13*f**2 + 12*f**2 + 17*f - 18*f. Determine x(1).
33
Let g(c) = c**2 + 3*c + 4. Let a be g(-3). Suppose w - a*d - 1 = -12, 4*w - 1 = d. Let b(u) = w + u**2 + 0*u + 2*u + 5*u + 0. Calculate b(-6).
-5
Let k(w) = w**3 - 4*w**2 - 8*w - 7. Let m(b) = -b - 13. Let r be m(-19). Give k(r).
17
Let z be ((-2)/11 + (-51)/(-99))*51. Let n(v) = 31*v**3 - 14*v**2 + 29*v - 17. Let k(s) = -11*s**3 + 5*s**2 - 10*s + 6. Let j(i) = z*k(i) + 6*n(i). Give j(3).
-6
Let o be 1*15/20 + (-10)/(-8). Let w(z) = 7 - 15 + 3*z**o + 9*z + 7 - 4*z**2. Determine w(5).
19
Let z = 269 - 269. Suppose 3*g + 2*i + 4 = z, -3*i - 2 = -5*g - 15. Let l(x) = -2*x**3 - 2*x**2 + 3*x + 2. Calculate l(g).
4
Let h(a) be the first derivative of -a**2 + 20*a + 10635. Give h(-13).
46
Let d(i) = -3*i**3 + 14*i**2 + 210*i - 17. Let y be d(11). Let z = 3 + -3. Let o(v) = z*v + 0*v - v - 1. Determine o(y).
5
Let d(w) be the second derivative of -2*w**3 - 2*w**2 + 1992*w. Give d(6).
-76
Let z(p) = -2*p**3 - p**2 - 2*p. Let u be z(-2). Suppose m + u = 14. Let v(i) = -3*i - 2. Give v(m).
4
Suppose -16*z + 225*z - 1254 = 0. Let v(w) be the third derivative of w**5/60 - 7*w**4/24 + 2*w**2. Give v(z).
-6
Let j(a) = a**3 + 4*a**2 + 5*a - 2. Let v be (-1)/(0 + 1) - (1269/(-47) - -30). Give j(v).
-22
Let f(l) = l**3 - 7*l - 2. Let t(h) = h**2 + 2*h + 1. Let o be t(-1). Let c be f(o). Let d(s) = -3*s**3 - 2*s**2 - 4*s - 2. Calculate d(c).
22
Let y(i) = -2*i**3 + 104*i**2 - 3*i + 157. Let h be y(52). Let v(r) = 15*r + 14. Let o(b) = 10*b + 9. Let q(j) = 8*o(j) - 5*v(j). Determine q(h).
7
Let q be (-32)/6 - (-3)/9. Let o(v) = 2*v**2 + 6*v - 3. Let t(z) = -5*z**2 - 13*z + 2. Let h(x) = -3*o(x) - t(x). Give h(q).
7
Let f(t) = -43*t**2 + 5*t - 5. Let x = 29627 + -29626. Give f(x).
-43
Let p(k) be the third derivative of -k**5/60 + 17*k**4/12 + 97*k**3/3 + 3209*k**2. Determine p(-5).
-1
Let x(b) = -2*b**2 - 28*b + 2642. Let o be x(-44). Let p(c) be the first derivative of -c - 32 + c**o - 2/3*c**3 - 11/4*c**4. Calculate p(1).
-12
Let w = 52 + -49. Let z(n) = -w*n - 2*n + 10*n + 9 - 3*n. Determine z(-6).
-3
Let s(x) = x**3 + 7*x**2 + x + 6. Let y be (-6 + 34/6)/(9*7/1323). Calculate s(y).
-1
Let b(s) = -s**3 - 11*s**2 - 8*s - 9. Let c(a) = -2*a**2 - 80*a - 299. Let u be c(-4). Determine b(u).
79
Let v(u) = -131 - u + 3*u**2 + 136 + 7*u**2. Let z(w) = -7*w**2 + w - 3. Let f(q) = 5*v(q) + 7*z(q). Calculate f(-4).
12
Let v(u) = u**3 - 3*u**2 - 11*u + 3. Suppose 212 = -4*b + 324. Suppose -8 + b = 4*s. What is v(s)?
-2
Let j(r) = -r**2 - 2*r - 1. Let c be j(2). Let x(q) = -q. Let u(f) = -5*f. Let b(w) = c*x(w) + 2*u(w). Suppose 0 = -4*s - 4 - 0. What is b(s)?
1
Let k(q) = 3*q**2 + 86*q + 50. Let w(m) = -8*m - 108. Let d be w(-10). Let f be k(d). Let o(c) = -4*c + 6. What is o(f)?
30
Let j(h) = 4 - 10 - 6 - h. Let c(i) = 10*i + 180. Let p be c(-18). Suppose 2*x - 4 + p = 0, 2*r - 6 = -3*x. Calculate j(r).
-12
Suppose -17*r - 361 = -36*r. Suppose -2*c = -r*c + 119. Let a(w) = -w**2 + 10*w - 4. What is a(c)?
17
Let r(g) = -6*g + 27*g**3 - 13 - 3*g**2 + 5*g**2 - 69*g**3 + 43*g**3. Calculate r(-3).
-4
Let p(l) = 3*l - 37. Let f be -4 + (5 - 105/(-15)). Give p(f).
-13
Suppose 3*s = -3*j + 60, 0 = -5*j + 7*s - 2*s + 120. Let a = j - 10. Suppose -a*t = -10*t - 8. Let w(r) = -2*r + 2. What is w(t)?
-6
Suppose 2*c + 456*r - 452*r + 14 = 0, -5*c + 4*r + 35 = 0. Let w(i) = -i**3 + 3*i**2 - i + 1. Give w(c).
-2
Let y(s) = -s**3 - 22*s**2 + 23*s - 3. Let t be (-2*25 + 4)*((-30)/12 + 3). Calculate y(t).
-3
Let v(r) be the second derivative of 3*r**5/20 - r**3/6 - 5*r**2/2 + 5299*r. What is v(-2)?
-27
Let i be 0*3/(3 - -3). Suppose 3*s - 4*v - 13 = i, 2*v + 2*v + 12 = 4*s. Let o(g) = -5*g - 1. Determine o(s).
4
Let f = -1480 - -1482. Let n(a) = a**2 - 17*a**2 + 10*a**2 + 0*a**2 - 2 + 2*a. Determine n(f).
-22
Let p(t) = -2*t**2 - 30*t + 10. Let m(u) = u**2 + 25*u - 9. Let k(x) = -x**3 - 31*x**2 - 199*x - 5. Let v be k(-9). Let a(i) = v*p(i) + 5*m(i). What is a(4)?
-33
Let r(u) be the first derivative of u**2/2 - 4*u + 849. What is r(8)?
4
Let d(k) be the first derivative of -k**3/3 + 17*k**2/2 - 25*k - 1402. What is d(16)?
-9
Let h(p) = -15*p**3 - 20*p**2 + 44*p - 30. Let q(u) = u**3 + u**2 - 3*u + 2. Let n(d) = h(d) + 16*q(d). Determine n(4).
-14
Let b(h) be the third derivative of h**5/60 - 11*h**4/12 + 47*h**3/6 + 7*h**2 + 2*h + 187. Determine b(20).
7
Let p be 11/(1540/(-130)) - 1/14. Let d(i) = -i**2 - i - 1. Let s(y) = -9*y**2 - 3*y - 2. Let o(g) = 3*d(g) - s(g). Give o(p).
5
Let j = -26 - -13. Let o(u) be the third derivative of u**5/60 + 5*u**4/8 + u**3/6 - 3*u**2 - 2*u - 8896. Calculate o(j).
-25
Let n be (-25)/30*(-72)/12. Let b(q) = q**3 + n*q**2 - 1 + q + 8*q + 0 + 2*q**2. What is b(-5)?
4
Let h = 17214 - 17224. Let p(w) = 8*w - 8*w**2 - w**3 - w**2 - 7 - 2. What is p(h)?
11
Let d(u) = 40 - 661*u + 667*u - 13*u**2 + 2*u**3 - 47. Determine d(5).
-52
Let z(r) be the first derivative of -r**7/840 - r**6/360 - 11*r**4/24 + r**3/3 + 4. Let t(a) be the third derivative of z(a). Let g be 0*5*7/70. Determine t(g).
-11
Let d = 4 - 9. Let s(r) = -r - 16958*r**2 + 0*r - 1 + 6*r + 16959*r**2. Determine s(d).
-1
Let a(k) = -2*k**2. Let m(y) = -y**2 - y. Suppose 0 = -5*l + 7 - 2. Let i(f) = l*a(f) - 3*m(f). Suppose -4*h - 28 = 4*s, -s + h - 18 = 3*s. Calculate i(s).
10
Let m(j) = -2*j - 9. Let t(d) = 5*d - 28. Let x be t(13). Let z be x*(-21)/(-14) + (-1)/(-2). Suppose z*u + 24 = 53*u. Give m(u).
7
Let a(n) = -3*n**2 + 2*n + 2. Let o be a(0). Let u(i) = -5*i**2 + 8*i - 4. Let y(t) = 13*t**2 - 17*t + 8. Let m(c) = o*y(c) + 5*u(c). Give m(-6).
-4
Let b(x) be the second derivative of -x**4/12 - 13*x**3/3 - 81*x**2/2 - 329*x + 5. Determine b(-4).
7
Let p = 88 + -119. Let o(b) = -b**3 - 31*b**2 - 3. Let f be o(p). Let w(q) = 0*q + 4*q + 0*q - q - 1 + q**2. Give w(f).
-1
Let t(p) be the third derivative of -p**4/2 - 49*p**3/6 + 147*p**2 - 2*p - 1. Determine t(-3).
-13
Let g